hest common factor of k and 21?
21
Suppose 139*d - 361*d = 553 - 3217. Calculate the greatest common factor of d and 7968.
12
Suppose -4*a + 10 = -2*p - 16, -4*a + 4*p + 28 = 0. Suppose 240 = a*h - 24. Suppose 34 = 5*d - 21. Calculate the highest common divisor of d and h.
11
Let m be (18 - 1606)*((-6)/(-18) + 25/(-3)). Calculate the greatest common divisor of 64 and m.
32
Suppose -5*d = -3*p - 26, -5*d + 2*p = -9*d + 34. Suppose 3*t = -d*t + 160. What is the greatest common factor of 28 and t?
4
Let k = 32982 - 28022. Calculate the greatest common factor of k and 30.
10
Let w be (44/(-6))/(143/(-858)). What is the highest common factor of 957 and w?
11
Let c = 192 + -12. Suppose 2279 = 76*z - 2281. Suppose 7*r - z = 192. Calculate the greatest common divisor of c and r.
36
Let y be (-27)/(-5) - -6*(-7)/105. Let q(p) = 0*p**2 + 4*p**2 + y*p**2 + 1 - 11 + p**3. Let m be q(-5). What is the greatest common factor of 10 and m?
10
Let v = 241 - -29. Let x = v - 242. Let j be (-1)/5 + (-42)/(-10). What is the highest common divisor of x and j?
4
Let o be (-5 - (131 + -4))*(1 + (2 - 4)). Calculate the highest common divisor of 7458 and o.
66
Let m be (-23)/((3 - 1)/(-2)). Suppose -u + 170 = m. Suppose 7*p + 34 = 9*p + 2*d, 4*d = 4*p - 100. Calculate the highest common factor of p and u.
21
Suppose 11*g + 45 = 14*g. Suppose -10*b = -2 + 2. Suppose -4*i + 40 = -2*p - b*p, -4*i - p = -40. Calculate the greatest common divisor of i and g.
5
Let m(d) = 3*d - 5. Let j be (136/(-20))/((-1)/(-5)). Let h = -24 - j. Let x be m(h). Calculate the greatest common factor of 50 and x.
25
Suppose -4*k - 2*d = -1512, -3*k + 1041 + 93 = -2*d. Suppose -22*u = -49*u + k. What is the highest common divisor of u and 203?
7
Let x be 6/(-20) - (-7049)/530. What is the greatest common factor of x and 5993?
13
Suppose 6*w - 570 - 600 = 0. Suppose 0 = -4*r - 59 + w. Let t be 4/10 - (-1680)/50. What is the greatest common divisor of r and t?
34
Suppose -31*d + 3814 = 9*d - 26. Calculate the greatest common divisor of d and 18.
6
Suppose 2*b + 0 - 8 = 0, -3*j - 3*b = 18. Let o = 13 + j. Let a be (o/2)/(6/272). Calculate the greatest common factor of 170 and a.
34
Let u(b) = 989*b - 11799. Let l be u(12). Let x(v) = 4*v**2 - v - 3. Let a be x(5). What is the highest common factor of a and l?
23
Suppose 85 + 95 = 9*r. Suppose r*t = -0*t + 260. Calculate the greatest common factor of t and 1.
1
Suppose -90 = -2*c - 76. Suppose -8*i + 5*i = -12. What is the greatest common divisor of i and c?
1
Let o(s) = 2*s - 14. Let m be o(8). Suppose -m*t = -8*t + 66. Suppose k + t = 53. What is the greatest common factor of 28 and k?
14
Let w be -1 - (-2 + 3) - -275. Let r(v) = v**2 - 15. Let l(p) = -p**2 + 17*p + 44. Let b be l(19). Let k be r(b). What is the highest common divisor of k and w?
21
Let c = -34 + 38. Suppose -13 - 4 = -3*y - x, c*y - 5*x = 10. Suppose 3*z = -y*z + 64. Calculate the highest common factor of 8 and z.
8
Let h = -47984 - -48057. Suppose -c + 14 = -351. Calculate the highest common factor of c and h.
73
Suppose 5*r - 430 = 50. Let g = -138 + 140. Calculate the greatest common divisor of g and r.
2
Suppose 52 = 85*f - 663 - 220. Suppose 0 = -5*o - 4*k + 242 + 599, 4*k = -2*o + 346. What is the greatest common factor of o and f?
11
Let c = -2124 + 3473. Suppose 0 = -5939469*y + 5939428*y + 779. Calculate the highest common factor of c and y.
19
Suppose -4*b = -2*b + 2*l - 538, 3*b + 2*l - 810 = 0. Let q be (-213)/(-13) - 416/(-676). What is the greatest common divisor of b and q?
17
Let z be (1 + -1 + (-336)/(-36))*9/12. Let l(b) = 5*b + 5. Let p be l(-4). Let g = p - -71. Calculate the highest common divisor of z and g.
7
Let w be (-7)/(-49) - (-2 + 96/(-14)). Suppose -w*v + 24 = -12. Suppose -v*p + 4 = -12, 3*y - 4*p = 65. What is the greatest common factor of y and 3?
3
Let k = 30 - 20. Suppose -4*f = 3*w - 1, k + 9 = 5*w - 2*f. Suppose -59 = -w*a - 2*z, -5*a - z + 87 = -a. What is the highest common factor of 184 and a?
23
Suppose 4980 = 405*j - 390*j. Calculate the highest common factor of 6059 and j.
83
Let a = 36 - -80. Let c be (212 - 210)/((-1)/(-2)). Calculate the highest common divisor of c and a.
4
Suppose -216 = -101*r + 98*r - 2*u, r - 82 = u. What is the greatest common factor of r and 5966?
38
Let u(c) = 210*c + 22. Let d be ((-7 - -6)*3)/(-3). Let x be u(d). Calculate the highest common divisor of x and 87.
29
Suppose 0 = 2*b + 10, 3*a - 3*b + 104 = 4*a. Let h = a - -7. What is the greatest common divisor of 18 and h?
18
Suppose 0 = 10*g - 313 + 13. Let i(f) = -f - 19. Let c be i(-18). Let x be 603/12 + c/4. Calculate the greatest common factor of x and g.
10
Suppose 0 = 2*y - y - 153. Let x(v) = -385*v - 2293. Let r be x(-6). What is the greatest common factor of y and r?
17
Let a(d) = -d**3 - d**2 - 11*d - 53. Let h be a(-3). Let j be (8239/(-22))/(-7) - h/4. Calculate the highest common factor of j and 8.
2
Let c be ((-5868)/(-5))/((-35)/(-175)). Calculate the greatest common divisor of 108 and c.
36
Suppose 924 = -18*a + 11*a. Let k = a + 120. Let v be 0 - (-4)/(k/(-45)). Calculate the highest common factor of v and 165.
15
Let r = 7897 - 7876. Calculate the highest common divisor of r and 1372.
7
Suppose 5*h = 66 + 394. Suppose 132652 = -14*n - 38*n + 144612. Calculate the highest common divisor of h and n.
46
Let w = -181 + 186. Suppose 0 = -w*n - 27*n + 2048. What is the highest common divisor of 4 and n?
4
Suppose y + 9*b + 14504 = 9*y - 4*y, -5*b = 0. Calculate the highest common factor of 185 and y.
37
Let x(s) = -12*s + 11 - 85*s**2 + 86*s**2 + 21. Let n be x(6). Let d be 2/6*(n/(-1) - 1). Calculate the greatest common divisor of 12 and d.
1
Suppose 1158 = 4*z + 2*a, -5*z + 1713 = a + 270. Calculate the greatest common divisor of 416 and z.
32
Let o = 4214 + -4166. Suppose 0 = 5*u - 4*f + 74, -u + 5*u + f + 76 = 0. Let h = u + 26. Calculate the greatest common divisor of h and o.
8
Suppose 0 = 4*r + 2*u - 3562, 4*r + 18*u - 15*u - 3563 = 0. Calculate the greatest common divisor of 10 and r.
10
Suppose 0 = 580*a - 538*a - 1176. Calculate the greatest common factor of a and 868.
28
Let d be (1017/(-8))/(-9) - 4*6/192. Let m(q) = -q - 1. Let i be m(3). Let w = i + d. Calculate the greatest common divisor of 110 and w.
10
Suppose 77*b + 3*b + 14 = 2574. Calculate the greatest common divisor of 800 and b.
32
Suppose 182*f - 44275 = 89*f + 70*f. What is the highest common factor of 700 and f?
175
Let y(u) = 3*u**2 - 2*u - 12. Let j be y(-8). Let g be (4368/(-9))/(-13)*6/8. What is the highest common divisor of j and g?
28
Let a(w) = -4*w + 14. Let v be a(-4). Let o be ((-18)/v)/((-12)/120). What is the highest common divisor of o and 6?
6
Let j(d) = 2*d**2 - 68*d - 418. Let f be j(58). Calculate the greatest common factor of f and 364.
182
Suppose 3*y - y - 5*g = 97, 2*g = -5*y + 315. Suppose -5*u + y = 19*c - 16*c, u - 11 = -c. What is the greatest common divisor of u and 378?
14
Let t = 671 + 1520. What is the greatest common factor of 14 and t?
7
Suppose 30 = -5*i + 175. Calculate the greatest common divisor of i and 928.
29
Suppose 4*b - 130 = -g, 0 = -4*g + 8. Let a = -58 + 16. Let p = -34 - a. Calculate the greatest common factor of b and p.
8
Suppose -2322 = a - 10*a. Suppose -7*h + a = 97. Let p(q) = q**2 - 4*q + 1. Let c be p(-5). What is the highest common factor of h and c?
23
Suppose -12*k + 1701 = -471. Let h = k - -3. Calculate the highest common divisor of 8 and h.
8
Suppose 5*i - 368 - 352 = 0. Let z be (-360 - -315)/((-5)/3 + 0). Calculate the highest common divisor of z and i.
9
Let n be -9 - 6348/(-18) - 6*1/9. Calculate the highest common divisor of 441 and n.
49
Let l be ((-2157)/(-21))/1 - (140/49)/(-10). Calculate the highest common factor of 721 and l.
103
Suppose 20 = 9*z + 2. Suppose 5*r = -y + 31, 2*y = -z*r + 4*r - 10. Suppose -x + 6*x - 120 = 0. Calculate the highest common divisor of x and r.
6
Let a be (-243)/(-54)*64/3. Let j be (-12 + a)/((-4)/(-8)). What is the greatest common divisor of j and 210?
42
Let q = 282 - 276. Let b be ((-186)/(-18))/(1/q). Calculate the greatest common factor of b and 217.
31
Let y be 3 - (-10)/(-1) - 19/((-152)/1256). What is the greatest common divisor of 350 and y?
50
Suppose 159